m) = -6*m**2 - 5*m - 4. Let s(z) = -5*f(z) - l(z). Determine s(u).
0
Let c(o) = 6*o + 0*o + 7*o**2 + 8*o**2 - 1 - 16*o**2. Give c(6).
-1
Let f(g) be the first derivative of -g**2/2 - 3*g - 3. Let i(c) = -c**2 + 7*c - 15. Let p be i(5). Determine f(p).
2
Let b(g) = 3*g**2 - 23*g - 5. Let p(d) = -5*d**2 + 35*d + 7. Let h(f) = -8*b(f) - 5*p(f). Let r be h(-8). Let y(j) = j**2 + 4*j. Determine y(r).
-3
Let f = 0 + 7. Let s(l) = 3*l - 2. Let a(t) = -4*t + 3. Let i(q) = 4*a(q) + 5*s(q). Give i(f).
-5
Let u(c) be the second derivative of -c**3/6 - c**2 + 10*c. What is u(-1)?
-1
Let n = 55/2 + -27. Let f(l) be the first derivative of 0*l + 2 - 1/4*l**4 + 0*l**3 + n*l**2. What is f(0)?
0
Let s(a) = -a**3 + 2*a**2 + 3. Let t(h) = 3*h**3 + h**3 - 4*h**3 - h**2 + h + h**3 - 3. Let k(x) = 3*s(x) + 2*t(x). Give k(4).
11
Let x(m) = -4*m**2 + 5. Let t(z) = -4*z**2 + 4. Let p(y) = 4*t(y) - 3*x(y). What is p(2)?
-15
Let v = -33 + 31. Let z(o) = -o**2 - o - 2. Calculate z(v).
-4
Let d(k) be the second derivative of -4*k**3/3 - 11*k**2/2 - 3*k. Let p(a) = -3*a - 4. Let q(g) = -4*d(g) + 11*p(g). Calculate q(0).
0
Let n(b) = -17*b**2 - b + 1. Suppose -2*s = 1 - 3. Calculate n(s).
-17
Let n(d) = d**2 + 5*d - 6. Suppose -o - 4*s + 13 = 0, -3*s + 16 = o + o. Let p = -1 - o. What is n(p)?
0
Let j(b) be the first derivative of b**2/2 - b - 1. Let f be (-57)/(-9) + 2/(-6). Let i be (-9)/f*-2 - 1. Give j(i).
1
Let l(r) be the second derivative of -r**4/12 + 7*r**3/6 - 3*r**2 + 15*r + 1. What is l(5)?
4
Let h(p) be the third derivative of p**7/2520 - p**6/360 - p**5/15 + 6*p**2. Let w(k) be the third derivative of h(k). Give w(5).
8
Let d(g) = g + 9. Let o be d(-3). Let j(k) = -o*k**2 + 3*k**2 + 2 + k**3 - 3*k + 4*k**2. What is j(2)?
8
Suppose s + 2*i = 2, s - 5 = -5*i - 3. Let z = 31 - 20. Let y(d) = 0 + 17*d - z*d - 2. What is y(s)?
10
Let f(j) be the second derivative of -j**5/20 - 5*j**4/12 - j**3/2 + j**2/2 + j. Suppose 16 = -4*q + 4. Calculate f(q).
-8
Let y = 5 - 2. Let f(v) = -v**3 + v**2 + 5*v - 3. Determine f(y).
-6
Let c(y) = -2*y**3 - 3*y**2 - y - 1. Let l(t) = -t**2 - t + 4. Let s be l(-3). Let h be c(s). Let p(q) = -q**2 + 3*q + 6. Give p(h).
-4
Let a(f) = 6*f**2 - f**2 + f - 6*f**2 - 3*f**3 - 1 + 8*f**3. Let o(z) = 3*z**3 - 1. Suppose -4*p + 17 = -11. Let r(m) = p*o(m) - 4*a(m). Determine r(-5).
-8
Let d(x) = 1. Let a(z) = z + 7. Let l(f) = a(f) - 4*d(f). Let q be (-27)/63 + (-3)/(-7). Calculate l(q).
3
Let w(a) = a**3 - 2*a**2 + 4*a - 2. Let q be w(2). Let u(l) = -9 + 14 - 8 - 2*l + 4*l. What is u(q)?
9
Let s = -9 - -5. Let r(w) = w**3 - 8*w**2 - 8*w - 4. Let k be r(9). Let h(c) = 3*c - 3. Let p(o) = 4*o - 4. Let q(i) = k*h(i) + s*p(i). Give q(6).
-5
Let n(g) be the second derivative of g**4/12 + 7*g**3/6 + 5*g**2/2 - 7*g. Give n(-5).
-5
Let z(p) be the first derivative of p**2 + 5*p + 18. Let k = -1 - 4. Give z(k).
-5
Suppose -3*t + 7*t - 20 = 0. Suppose -t*i + 42 = -g, -5 = -i - 0*i. Let v(p) = -7*p + 1. Let u(l) = 20*l - 3. Let b(f) = g*v(f) - 6*u(f). What is b(4)?
-3
Let z(m) = -10*m + 21. Let w(b) = -4*b + 10. Let f(t) = -7*w(t) + 3*z(t). What is f(5)?
-17
Let c(f) = 15*f. Suppose -3*n + t = -5*n - 7, -3*n = 2*t + 13. Calculate c(n).
-15
Suppose -2*q + 12 = -2*m, -q = -3*m - 6 - 8. Let w(g) = -q*g + 4 - 5 + 2 + 4*g. Determine w(1).
3
Let s(v) = 5*v - v**2 + 0 - 4 - 2 + 1. Suppose -24 = 2*i - 6*i - 2*p, -i + 11 = 3*p. Determine s(i).
-5
Let r(z) = z**2 - 7*z + 5. Let f be r(4). Let q = 4 + f. Let i(x) = 2*x + 4. Determine i(q).
-2
Let c(q) = 2*q**2 + 7*q + 10. Let f be c(-4). Let r(i) = -16*i**2 + 31*i**2 + 1 + f*i**3 - 13*i**2 + 2*i. What is r(-1)?
-13
Let j(y) be the first derivative of -y**3/3 - 7*y**2/2 + 8*y + 30. Determine j(-7).
8
Let r(m) = m**3 - m**2 + 2*m - 6. Let q(n) = -n**2 - 3*n. Let p be q(-4). Let w(j) = j**3 - 2*j**2 + 2*j - 6. Let u(a) = p*r(a) + 5*w(a). Give u(6).
6
Let t(i) = -i**2 - 3*i - 4. Let o be 4/(-8)*6/(-2)*-2. Calculate t(o).
-4
Let v(q) = 3*q + 1. Suppose -5*d + 30 = -2*o - 3*o, -22 = -3*d + 5*o. Let g(t) = t - 8. Let h(c) = c - 7. Let s(z) = -6*g(z) + 7*h(z). Let x be s(d). Give v(x).
10
Let z(d) be the third derivative of -5*d**4/24 + 6*d**2. Determine z(-2).
10
Let f be 35/15*(0 + 3 + 0). Let w(n) = 10*n**3 - 14*n**2 - 13*n + 37. Let d(v) = 7*v**3 - 9*v**2 - 9*v + 25. Let y(o) = -7*d(o) + 5*w(o). What is y(f)?
-4
Let a(f) = -3 - 1 + 3 - 5*f. Let y be (-133)/(-49) + 4/14. Suppose 3 = 5*j + 4*r, y = -2*j + 5*r - 9. Calculate a(j).
4
Let u(g) be the first derivative of 3*g**2/2 + 3*g + 6. Calculate u(-2).
-3
Let a = 1 - 0. Let i(s) = 3 - 4 - 6*s**3 + 5*s**3. Let x(y) = -3*y**3 + 5*y**2 - 9. Let d(n) = a*x(n) - 2*i(n). What is d(5)?
-7
Let f(p) = -p**2 + 10. Let c(u) = -u - 1. Let x = -7 - -7. Let a be c(x). Let b = 1 + a. Give f(b).
10
Let t = -17 - -20. Let c(h) = -h + 6. Calculate c(t).
3
Let c(q) = q - 3. Let r be 18/(-3)*(-1 + 0). Let t be c(r). Let w(a) be the first derivative of -a**4/4 + 4*a**3/3 - 5*a**2/2 + 4*a + 1. Calculate w(t).
-2
Let w(l) be the first derivative of -l**2/2 - l + 1. Suppose 3*c - 3*z + 17 = 4*c, -4*z + 28 = 4*c. Suppose -c*k - 12 = -2*b, -9 = -4*b + k + 9. Calculate w(b).
-5
Let k(i) be the third derivative of i**5/60 - i**4/6 - i**3/3 + i**2. Suppose -2*n + 0*n + 4 = 0. Let l be 13 + -11 + n + 1. Calculate k(l).
3
Let s(z) = 2*z + 4. Suppose 0 = -0*d - 3*d. Suppose 6*b - 2*b = d. Suppose 3*n + 6 + 3 = b. Give s(n).
-2
Let j(i) = -2*i - 4. Let c(g) = g**2 - 6*g - 2. Let p be (-3)/(-9)*3 + 2. Let d be c(p). Let x = d + 8. What is j(x)?
2
Suppose -3*f + 1 = -8. Let k(w) = -8*w + 2 + 2*w + 4*w**2 - f*w**2. Let l(m) = -4*m + 1. Let a be l(-1). Give k(a).
-3
Let g = 29 + -24. Let q(r) = r**2 - 7*r + 4. What is q(g)?
-6
Let d(q) be the third derivative of -q**8/20160 - q**7/840 + q**6/144 - q**5/60 + 2*q**2. Let a(k) be the third derivative of d(k). Give a(-5).
10
Let d(s) = s - 1. Suppose -2*a + 6*a - 40 = -4*i, 0 = a - 4. Let v be d(i). Let g(u) = -u + 7. Calculate g(v).
2
Suppose 0*i - i = -o, o + 3*i + 20 = 0. Let z(m) = m**3 + 6*m**2 + 5*m + 7. What is z(o)?
7
Let l(f) = -15*f**3 - 5*f**2 - 5*f + 5. Let q(x) = 8*x**3 + 3*x**2 + 3*x - 3. Let m(y) = 3*l(y) + 5*q(y). Determine m(-1).
5
Suppose r + 44 = 12*r. Let f(y) = -y**3 + 3*y**2 + 5*y - 6. Determine f(r).
-2
Suppose 13 = -2*u + o, 4*u - o + 2 = -19. Let d(k) be the first derivative of k**3/3 + 3*k**2 - k + 1. What is d(u)?
-9
Let n be 4*(3 - (3 + -2)). Let j(f) = f**2 - 6*f - 11. Let g be j(n). Let l(v) = -13*v + 7. Let a(w) = -7*w + 3. Let i(s) = -11*a(s) + 6*l(s). Give i(g).
4
Let a = -3 - -6. Let c(j) = -3 - 2*j**2 + 1 + a*j + 4*j**2. Give c(-3).
7
Let a(y) = -y**2 + 9*y - 7. Let b(i) = 4*i**3 - i + 1. Let q be b(1). Let t(n) = n - 1. Let v(o) = q*t(o) - a(o). Let s = -21 + 25. Determine v(s).
-1
Let q(c) = 74*c**2 - 31*c**2 + c - 35*c**2 + 12 - c**3 - 3*c. Determine q(8).
-4
Suppose -4*w - 2*y = -6, 18 = 4*w - 4*y + 6. Let r(t) = -39*t**2 + 10*t**3 - t + 39*t**w. Give r(-1).
-9
Suppose 3*w - 5*w = -4. Let x(l) = 4*l + w*l**2 - 5*l + 11*l**3 + 1 + 4*l - l. What is x(-1)?
-10
Let a(v) = 5*v + 6. Let x be 1/(3/114) - -2. Let n be (2/(-4))/(5/x). Calculate a(n).
-14
Let q(t) = t + 7. Suppose -20 = 4*r + 2*x + 6, r + 11 = -2*x. Let s = -6 - r. Let f be 1*(-1)/s - 6. Give q(f).
2
Let n be 4/18 + 476/126. Let b(f) = -2*f - 1. Determine b(n).
-9
Let m(v) = v**2 - v - 9*v**2 + 3 - 4. Calculate m(-1).
-8
Let o(a) = a**3 + 13*a**2 + 12*a + 6. Let c(g) = -2*g**3 - 14*g**2 - 12*g - 5. Let l(d) = -2*c(d) - 3*o(d). Determine l(12).
-8
Suppose -2*c + 4 = -4. Suppose -3*i + 2*t = c, 5*i = -2*t + t + 15. Suppose 6 = i*j, 5*m = m - 2*j + 26. Let w(a) = a**2 - 7*a. What is w(m)?
-10
Let z = 0 + 0. Let x(v) = 9*v**3 - 13*v**2 + 14. Let j(n) = 5*n**3 - 7*n**2 + 7. Let h(b) = -11*j(b) + 6*x(b). Calculate h(z).
7
Let v(z) = 5*z + 3. Let m(d) = d - 4. Let r be m(-4). Let h(g) = -2*g - 1. Let n(a) = r*h(a) - 3*v(a). Give n(-4).
-5
Let t(k) = 3*k + 1. Let u(p) = -p**2 - 6*p - 6. Let j be u(-5). Let f be t(j). Let r(c) be the first derivative of c**2/2 + 4*c - 1. Determine r(f).
2
Let q(g) = 3*g + 1. Let v be -4 + (-28)/(-7) + (0 - -1). Give q(v).
4
Let k(m) = m + 0*m - 7 + m. Give k(6).
5
Let d(l) = l**3 - l**2 - 3*l + 2. Let g = 4 + -3. Let b = g - 1. Let t b